ands digit of 156595624?
5
What is the thousands digit of 78680209?
0
What is the hundreds digit of 2523077407?
4
What is the ten thousands digit of 1626344508?
4
What is the units digit of 765901177?
7
What is the ten millions digit of 2293269474?
9
What is the millions digit of 109496305?
9
What is the hundred thousands digit of 118370765?
3
What is the units digit of 241423724?
4
What is the billions digit of 1742372842?
1
What is the hundred millions digit of 1861872407?
8
What is the billions digit of 2251886729?
2
What is the ten thousands digit of 140208819?
0
What is the millions digit of 788161720?
8
What is the ten thousands digit of 756377?
5
What is the hundred thousands digit of 42684392?
6
What is the tens digit of 2996955016?
1
What is the ten thousands digit of 76223756?
2
What is the hundred millions digit of 267177928?
2
What is the ten thousands digit of 1410308168?
0
What is the ten millions digit of 493663428?
9
What is the millions digit of 1119659709?
9
What is the hundred millions digit of 321409981?
3
What is the hundred thousands digit of 110365135?
3
What is the thousands digit of 60371707?
1
What is the hundred millions digit of 210904504?
2
What is the thousands digit of 20142002?
2
What is the units digit of 89990771?
1
What is the billions digit of 1510517451?
1
What is the units digit of 484100106?
6
What is the millions digit of 57379471?
7
What is the millions digit of 371240769?
1
What is the ten millions digit of 50326647?
5
What is the tens digit of 322999728?
2
What is the hundred thousands digit of 60385073?
3
What is the tens digit of 4657443940?
4
What is the ten thousands digit of 4039278863?
7
What is the hundred millions digit of 686175148?
6
What is the hundred thousands digit of 267582588?
5
What is the hundred millions digit of 101085187?
1
What is the units digit of 344811270?
0
What is the thousands digit of 42801305?
1
What is the hundred thousands digit of 200212724?
2
What is the millions digit of 2188855569?
8
What is the thousands digit of 208649827?
9
What is the units digit of 42924968?
8
What is the tens digit of 2985359885?
8
What is the ten millions digit of 851817604?
5
What is the thousands digit of 57213833?
3
What is the millions digit of 58731878?
8
What is the ten millions digit of 3560542495?
6
What is the millions digit of 50737330?
0
What is the hundred millions digit of 180421920?
1
What is the thousands digit of 235212984?
2
What is the millions digit of 25898780?
5
What is the units digit of 286815812?
2
What is the tens digit of 31026207?
0
What is the ten thousands digit of 1367921562?
2
What is the ten thousands digit of 471806?
7
What is the millions digit of 1741552926?
1
What is the hundred millions digit of 3981136947?
9
What is the thousands digit of 936615?
6
What is the tens digit of 339759585?
8
What is the units digit of 383860846?
6
What is the hundreds digit of 823469439?
4
What is the ten thousands digit of 267079079?
7
What is the thousands digit of 539544096?
4
What is the thousands digit of 454073731?
3
What is the ten thousands digit of 3263399416?
9
What is the hundreds digit of 2256872187?
1
What is the hundred thousands digit of 5905283835?
2
What is the ten millions digit of 1285516118?
8
What is the ten thousands digit of 22241134?
4
What is the millions digit of 14924305?
4
What is the units digit of 627159026?
6
What is the units digit of 249359414?
4
What is the millions digit of 2170963?
2
What is the billions digit of 1262362421?
1
What is the ten millions digit of 25990255?
2
What is the ten millions digit of 401789554?
0
What is the hundred thousands digit of 2300828671?
8
What is the thousands digit of 3100669?
0
What is the billions digit of 3830305504?
3
What is the hundred millions digit of 157961580?
1
What is the ten thousands digit of 41935817?
3
What is the ten millions digit of 1508493004?
0
What is the hundreds digit of 942701590?
5
What is the hundred millions digit of 3583551702?
5
What is the hundred thousands digit of 3057635629?
6
What is the tens digit of 331585500?
0
What is the millions digit of 59545040?
9
What is the ten millions digit of 3724950208?
2
What is the units digit of 278948926?
6
What is the ten thousands digit of 61270067?
7
What is the tens digit of 14813650?
5
What is the hundred thousands digit of 957157040?
1
What is the units digit of 3294230347?
7
What is the ten millions digit of 111116895?
1
What is the millions digit of 2042734242?
2
What is the tens digit of 5401311664?
6
What is the millions digit of 3095058915?
5
What is the tens digit of 156053272?
7
What is the ten millions digit of 1965478796?
6
What is the hundred thousands digit of 3943243526?
2
What is the units digit of 54176840?
0
What is the ten thousands digit of 44677627?
7
What is the ten thousands digit of 117664008?
6
What is the units digit of 134405824?
4
What is the tens digit of 123614141?
4
What is the thousands digit of 6371102390?
2
What is the tens digit of 115472191?
9
What is the hundred thousands digit of 14381217?
3
What is the hundreds digit of 2477914564?
5
What is the hundred thousands digit of 103965345?
9
What is the millions digit of 5219209?
5
What is the thousands digit of 1593396803?
6
What is the ten millions digit of 318197472?
1
What is the hundred thousands digit of 800246638?
2
What is the hundred thousands digit of 634291605?
2
What is the thousands digit of 2720201?
0
What is the hundred millions digit of 374987967?
3
What is the tens digit of 49142539?
3
What is the hundred thousands digit of 34541109?
5
What is the ten thousands digit of 35003265?
0
What is the ten thousands digit of 51029092?
2
What is the thousands digit of 619389103?
9
What is the millions digit of 148596586?
8
What is the hundreds digit of 711222630?
6
What is the ten thousands digit of 26713346?
1
What is the tens digit of 651750592?
9
What is the hundreds digit of 19710988?
9
What is the hundreds digit of 69286675?
6
What is the units digit of 19331198?
8
What is the thousands digit of 273772155?
2
What is the hundred thousands digit of 846721196?
7
What is the hundreds digit of 4277752587?
5
What is the thousands digit of 3287221347?
1
What is the ten thousands digit of 44892559?
9
What is the tens digit of 216840688?
8
What is the ten millions digit of 26584147?
2
What is the thousands digit of 769975889?
5
What is the hundred millions digit of 117183813?
1
What is the billions digit of 1859633260?
1
What is the thousands digit of 373502744?
2
What is the millions digit of 1368986008?
8
What is the thousands digit of 153423064?
3
What is the tens digit of 4693753?
5
What is the units digit of 2077320444?
4
What is the thousands digit of 248326051?
6
What is the thousands digit of 54557058?
7
What is the thousands digit of 5668634?
8
What is the ten millions digit of 19193201?
1
What is the tens digit of 46358537?
3
What is the units digit of 50336195?
5
What is the ten thousands digit of 148221245?
2
What is the hundreds digit of 1161882525?
5
What is the ten thousands digit of 8378120?
7
What is the millions digit of 1525245700?
5
What is the thousands digit of 107156893?
6
What is the millions digit of 78676099?
8
What is the hundreds digit of 1571556554?
5
What is the millions digit of 6587016?
6
What is the ten millions digit of 221586937?
2
What is the units digit of 1546381335?
5
What is the hundred thousands digit of 8101655?
1
What is the hundreds digit of 116412172?
1
What is the thousands digit of 195651817?
1
What is the tens digit of 4912244689?
8
What is the hundred thousands digit of 43485483?
4
What is the units digit of 1051554869?
9
What is the units digit of 103242562?
2
What is the hundred millions digit of 197473619?
1
What is the millions digit of 362961240?
2
What is the ten millions digit of 172828616?
7
What is the units digit of 24344904?
4
What is the tens digit of 335889645?
4
What is the hundred thousands digit of 752917426?
9
What is the hundred millions digit of 319577020?
3
What is the units digit of 451796466?
6
What is the hundred millions digit of 2434070682?
4
What is the ten millions digit of 17376770?
1
What is the ten thousands digit of 3652436845?
3
What is the tens digit of 157531105?
0
